Suppose 4*s - 33 = 143. What is the highest common factor of f and s?
4
Let j(y) = -y**3 + 3*y**2 + 2*y. Let q be j(3). Calculate the greatest common factor of 3 and q.
3
Let g = 3 - 1. Suppose -79 = -g*q - 3. Suppose -3*j + 13 + q = 0. Calculate the highest common divisor of 34 and j.
17
Let p = 1 + 4. Let q(m) = m**2 - 4*m + 3. Let a be q(p). What is the greatest common divisor of 88 and a?
8
Let j = -22 - -12. Let c = 44 + j. Calculate the highest common factor of 85 and c.
17
Suppose -15 = -5*j + 5. Let x(p) = 0*p - p + p**2 - 1 - j*p. Let i be x(6). What is the greatest common factor of i and 5?
5
Suppose -4*c + 0*c = -136. Suppose 3*j + 84 = 6*j. Suppose 11 - j = -p - 4*x, 0 = -3*p - x + 51. Calculate the highest common divisor of p and c.
17
Let n(c) = 33*c - 11. Let f be n(5). Calculate the highest common factor of 14 and f.
14
Suppose 2*t + 0*t - 10 = 0. Suppose l - 1 = -l - r, 0 = -l + r + t. Suppose 11 = -5*b + 101. Calculate the greatest common divisor of l and b.
2
Suppose -2*j = 4 - 8. Suppose j*a + m + 0 - 17 = 0, a = 3*m - 2. What is the highest common factor of 35 and a?
7
Let u be 590/22 + (-4)/(-22). Let m be (-4)/18 + 303/u. Calculate the greatest common divisor of 99 and m.
11
Suppose -4*u - 2 = -26. Let z(s) = s**2 - 3*s - 6. Let p be z(u). Let g = p + 5. Calculate the greatest common divisor of 119 and g.
17
Suppose -5*m = -4*z - 468, m + 4*z - 65 = 43. What is the greatest common factor of m and 12?
12
Let g = 17 + -24. Let x be 7/((-147)/90)*g. Suppose 7*v = 2*v + x. Calculate the highest common divisor of 18 and v.
6
Let c(u) = -9*u**2 + 2. Let i be 0/(-2) + (0 - -2). Let d be c(i). Let o = d + 48. Calculate the greatest common divisor of 7 and o.
7
Let y(g) = -136*g + 1. Let w be y(-1). Let f = 98 + -47. Suppose s - f = -3*a, 3*s + 4*a = -a + w. Calculate the greatest common divisor of 13 and s.
13
Let i be (2 - 1)*(-12 + 3). Let w = 16 + i. Calculate the highest common factor of 28 and w.
7
Let k = -2 - -2. Let s = -1 + k. Let t be 49/2 + s/2. What is the highest common factor of t and 36?
12
Suppose 4 = 2*f - 0*f. Let m = 7 + -3. Let o be m/6 + 1/3. What is the highest common divisor of f and o?
1
Let c be ((-338)/39)/(4/(-18)). Calculate the highest common divisor of c and 13.
13
Let f = 39 - 30. What is the highest common factor of f and 3?
3
Suppose 0 = -2*m + 15 + 21. Suppose 4*v + v - m = f, 5*f + 4*v = -148. Let d be ((-20)/8)/(2/f). What is the highest common factor of d and 14?
7
Let f(w) = -w**3 + 6*w**2 + 4*w - 9. Let g be f(6). Let x = 3 - 28. Let v = g - x. What is the greatest common factor of 10 and v?
10
Suppose m = -2*t + 128, m + 3 + 1 = 0. What is the highest common factor of 22 and t?
22
Let a(u) = -18*u. Let z be a(1). Let c be (45/z)/(1/(-2)). Calculate the greatest common factor of c and 2.
1
Let f be 11 - (-2 - 5/(-1)). Calculate the greatest common divisor of 72 and f.
8
Suppose -s - 552 = -4*s. Suppose 0 = -4*f + 176 + s. What is the highest common divisor of f and 36?
18
Let w be 10/(((-12)/(-5))/6). What is the greatest common factor of w and 175?
25
Let t(h) = 4*h**2 + 2*h - 1. Let d be t(1). Let c be (d - -1) + (-10)/5. Suppose 2*k = -3*k + 160. Calculate the highest common factor of k and c.
4
Let n = -7 - -7. Let o be (-66)/(-3)*(n + 1). Suppose -3*d = 5*f - 174, -4*d - 21 = 3*f - 4*f. Calculate the greatest common factor of o and f.
11
Let m be (-344)/(-12) - 2/(-6). Let s = -12 + m. Suppose 0 = v + v - 34. Calculate the greatest common divisor of s and v.
17
Let f = -12 - -17. Let k be 2/((f/2)/5). Suppose -4*h = -3*x - 113 + 13, -k*h + x = -108. What is the highest common factor of h and 42?
14
Suppose 0 = -c - 0*c + 2*v - 4, 2*c - v - 4 = 0. Suppose -5*n = -c*d + 93, 4*d = 3*d + n + 23. Calculate the highest common divisor of d and 33.
11
Suppose 0 = -4*g - 3*r + 8*r + 21, 1 = -r. Suppose 7 - 23 = -g*q. Suppose 144 = q*t - 0*t. Calculate the greatest common factor of 90 and t.
18
Suppose f + w = 3*w - 67, 4*f - 3*w = -273. Let u = f + 135. What is the highest common factor of u and 6?
6
Suppose -2*w = w - 60. Let u(l) = l**3 + 8*l**2 - 10*l - 4. Let n be u(-9). What is the greatest common factor of w and n?
5
Let p(q) = q**3 + 7*q**2 + 5*q - 4. Let g be p(-6). Let b = -1060 + 1082. Calculate the highest common factor of b and g.
2
Let z = -9 - -37. Suppose -2*w = -2*x + 3*x - 8, 24 = 3*x - 4*w. Suppose 4*a - 76 = -4*j, -4*a + x - 2 = -j. Calculate the greatest common factor of z and j.
14
Suppose 2*m + 7 = 4*l - 123, 5*m = -15. What is the highest common factor of l and 310?
31
Let c(q) = q**2 - 12*q + 15. Let g be c(12). Calculate the highest common factor of 135 and g.
15
Suppose -3*z + 36 = 3*g, 2*z - 3*g - 4 = 5. Suppose 2*f - 3*f - 145 = -2*c, -2*f - 218 = -3*c. What is the highest common factor of z and c?
9
Let r(f) = -f**2 + 29*f + 45. Let z be r(26). What is the highest common factor of z and 41?
41
Let a(y) = 5*y + 20. Let g be a(10). What is the greatest common divisor of g and 28?
14
Let l(w) = -w**3 - 3*w**2 + 2*w - 3. Let z be l(-4). Suppose x - 4 = 1. Calculate the highest common divisor of z and x.
5
Let h(a) = -a**2 - a - 1. Let g be h(-1). Let k be (g - -1)*7/14. Suppose i + k*i - 120 = 0. What is the highest common divisor of i and 15?
15
Suppose -3*w - w = -2*y - 360, -y = w - 84. What is the highest common factor of 22 and w?
22
Suppose -2*j = -3*j + 2*o + 6, 30 = 3*j - 3*o. Let x = 26 - j. What is the greatest common factor of 84 and x?
12
Suppose -n = 3*n - 172. Suppose 5*w - 62 = n. Calculate the greatest common factor of 7 and w.
7
Let i(q) = -2*q - 3*q**2 - 8*q**3 + 2 - 1 + 10*q**3. Let w = -3 - -6. Let x be i(w). What is the greatest common divisor of x and 2?
2
Let v = -54 + 94. Let s be (v/50)/((-2)/(-30)). Calculate the greatest common factor of 132 and s.
12
Suppose 2*q = -0*q - 10. Let l = 1 - q. Let s(c) = -c**3 - 18*c**2 + 18*c - 7. Let z be s(-19). Calculate the greatest common factor of l and z.
6
Suppose 0 = 3*d - 4*j - 32, 3*d - 16 = 4*d + 4*j. What is the highest common factor of 32 and d?
4
Suppose -6*r = -r + 10. Let a(s) = -2*s + 2. Let m be a(r). What is the highest common factor of m and 2?
2
Let b(m) = m**2 + 3*m + 3. Let c be b(-7). Suppose -79 + c = -x. What is the greatest common divisor of x and 16?
16
Suppose 3*g - 3*l - 50 = 2*l, 0 = -g - 3*l - 2. What is the highest common factor of 2 and g?
2
Let y = 0 - -6. Let u be 4/(-6) + 16/y. Suppose m = u*m - 99. Calculate the greatest common factor of m and 9.
9
Suppose 2*k + 10 = q, 7*q + 5*k - 105 = 3*q. What is the greatest common divisor of 4 and q?
4
Let b(y) = -12 - 8*y - 5 + 5*y. Let d be b(-9). Suppose 2*l - 5*i = 170 + 35, 0 = 2*l + 4*i - 160. Calculate the greatest common factor of l and d.
10
Suppose -4*b - 44 = -188. Suppose 12 = -2*y + 3*y. Calculate the greatest common divisor of y and b.
12
Suppose -26 - 58 = -6*y. What is the highest common divisor of 28 and y?
14
Let r = -6 + 18. Calculate the greatest common divisor of r and 132.
12
Let h = -2 - -4. Let f be 49 + h/(-2) + 2. What is the highest common divisor of 20 and f?
10
Let d be (30/(-5))/(0 + -1). Let o = 9 + -7. Suppose 8 = d*p - o*p. What is the greatest common divisor of p and 2?
2
Suppose 17*a + 27 = 16*a. Let s be 3 + -1 + (1 - a). Calculate the highest common divisor of s and 6.
6
Suppose 0 = -5*x + 5*y + 70, 5*y + 52 = 3*x - 0*y. Calculate the highest common divisor of 6 and x.
3
Suppose 0 = -2*h + 49 + 59. Let k = 28 - -53. Calculate the highest common factor of k and h.
27
Suppose 0 = -3*w + 3, 2*w - 5*w = -3*q + 129. Let g = 22 + -11. What is the greatest common factor of q and g?
11
Suppose 2*g + 0*g - 10 = 0. Suppose g*n + 21 = 3*u, 5*n + 14 = 5*u - 3*u. Let f be (-23)/(-7) - 2/u. Calculate the greatest common divisor of f and 2.
1
Suppose -210 = g - 4*g + 3*i, -i = 5*g - 350. What is the greatest common divisor of 5 and g?
5
Suppose -3*l - 13 = -3*v + 7*v, 0 = l + 5*v + 19. Let p be 204/18 - l/3. Calculate the greatest common factor of 33 and p.
11
Let l = 13 - 1. What is the greatest common divisor of l and 30?
6
Let f(s) = 17*s + 17. Let c(z) = 9*z + 8. Let a(v) = 11*c(v) - 6*f(v). Let o be a(-9). What is the highest common divisor of o and 117?
13
Let b(d) = d**2 - 1. Let k(u) = -2*u**2 + u - 